{"id":163,"date":"2021-04-03T17:55:25","date_gmt":"2021-04-03T15:55:25","guid":{"rendered":"https:\/\/zut.zagorz.net\/?page_id=163"},"modified":"2023-04-04T14:53:36","modified_gmt":"2023-04-04T12:53:36","slug":"program-rozwoju-obszarow-wiejskich","status":"publish","type":"page","link":"https:\/\/zut.zagorz.net\/?page_id=163","title":{"rendered":"Program Rozwoju Obszar\u00f3w Wiejskich"},"content":{"rendered":"\n<div class=\"wp-block-columns is-layout-flex wp-container-core-columns-is-layout-1 wp-block-columns-is-layout-flex\">\n<div class=\"wp-block-column is-layout-flow wp-block-column-is-layout-flow\">\n<figure class=\"wp-block-image alignwide size-large\"><img loading=\"lazy\" decoding=\"async\" width=\"176\" height=\"117\" src=\"https:\/\/zut.zagorz.net\/wp-content\/uploads\/2021\/04\/Flaga_1.jpg\" alt=\"\" class=\"wp-image-164\"\/><\/figure>\n<\/div>\n\n\n\n<div class=\"wp-block-column is-layout-flow wp-block-column-is-layout-flow\">\n<figure class=\"wp-block-image alignwide size-large\"><img loading=\"lazy\" decoding=\"async\" width=\"285\" height=\"200\" src=\"https:\/\/zut.zagorz.net\/wp-content\/uploads\/2021\/04\/projekty.jpg\" alt=\"PROW\" class=\"wp-image-9\"\/><\/figure>\n<\/div>\n<\/div>\n\n\n<style>.wp-block-kadence-spacer.kt-block-spacer-_bf1843-5c .kt-block-spacer{height:60px;}.wp-block-kadence-spacer.kt-block-spacer-_bf1843-5c .kt-divider{border-top-width:1px;height:1px;border-top-color:#eee;width:80%;border-top-style:solid;}<\/style>\n<div class=\"wp-block-kadence-spacer aligncenter kt-block-spacer-_bf1843-5c\"><div class=\"kt-block-spacer kt-block-spacer-halign-center\"><hr class=\"kt-divider\"\/><\/div><\/div>\n\n\n<p>\u201eEuropejski Fundusz Rolny na rzecz Rozwoju Obszar\u00f3w Wiejskich: Europa inwestuj\u0105ca w obszary wiejskie\u201d.<\/p>\n<p>Operacja maj\u0105ca na celu popraw\u0119 standard\u00f3w \u017cycia mieszka\u0144c\u00f3w poprzez budow\u0119 sieci kanalizacji sanitarnej, wsp\u00f3\u0142finansowana jest ze \u015brodk\u00f3w Unii Europejskiej w ramach poddzia\u0142ania<\/p>\n<p>WSPARCIE INWESTYCJI ZWI\u0104ZANYCH Z TWORZENIEM, ULEPSZENIEM LUB ROZBUDOW\u0104 WSZYSTKICH RODZAJ\u00d3W MA\u0141EJ INFRASTRUKTURY, W TYM INWESTYCJI W ENERGI\u0118 ODNAWIALN\u0104 I OSZCZ\u0118DZANIE ENERGII\u201d obj\u0119tego\u00a0 Programem Rozwoju Obszar\u00f3w Wiejskich na lata 2014-2020.<\/p>\n<p><strong>\u201ePrzebudowa oczyszczalni \u015bciek\u00f3w w miejscowo\u015bci Kalnica, gm. Zagorz\u201d<\/strong><\/p>\n<p>Operacja\u00a0 uzyska\u0142a dofinansowanie na realizacj\u0119 operacji typu \u201eGospodarka wodno-\u015bciekowa\u201d obj\u0119tego\u00a0<em>Programem Rozwoju Obszar\u00f3w Wiejskich na lata 2014-2020.<\/em><\/p>\n<p><strong>Termin zako\u0144czenia inwestycji:\u00a0<\/strong>do 30.06.2024 roku.<\/p>\n<p><strong>Warto\u015b\u0107 og\u00f3\u0142em: 773\u00a0973,81<\/strong>\u00a0z\u0142<\/p>\n<p><strong>Dofinansowanie<\/strong>:\u00a0<strong>439\u00a0839,00<\/strong>\u00a0z\u0142<\/p>\n<p><strong>Umowa o dofinansowanie<\/strong>\u00a0nr 00140-65150-UM0900167\/20 z dnia 14 lipca 2021 r.<\/p>\n<p>Zakres rzeczowy projektu obejmuje:<\/p>\n<p>Wykonanie kompletnej dokumentacji projektowej oraz budowa kompletnej mechaniczno-biologicznej oczyszczalni \u015bciek\u00f3w o wydajno\u015bci nominalnej do 25m3\/d, wraz z wykorzystaniem istniej\u0105cego budynku technicznego. Oczyszczalnia ma by\u0107 zlokalizowana na terenie miejscowo\u015bci Kalnica w miejscu istniej\u0105cej mechaniczno-biologicznej oczyszczalni \u015bciek\u00f3w.<\/p>\n\n<style>.wp-block-kadence-spacer.kt-block-spacer-_1ce965-4c .kt-block-spacer{height:60px;}.wp-block-kadence-spacer.kt-block-spacer-_1ce965-4c .kt-divider{border-top-width:1px;height:1px;border-top-color:#eee;width:80%;border-top-style:solid;}<\/style>\n<div class=\"wp-block-kadence-spacer aligncenter kt-block-spacer-_1ce965-4c\"><div class=\"kt-block-spacer kt-block-spacer-halign-center\"><hr class=\"kt-divider\"\/><\/div><\/div>\n\n\n\n<p>\u201eEuropejski Fundusz Rolny na rzecz Rozwoju Obszar\u00f3w Wiejskich: Europa inwestuj\u0105ca w obszary wiejskie&#8221;.<\/p>\n\n\n\n<p>Operacja maj\u0105ca na celu popraw\u0119 standard\u00f3w \u017cycia mieszka\u0144c\u00f3w poprzez budow\u0119 sieci kanalizacji sanitarnej, wsp\u00f3\u0142finansowana jest ze \u015brodk\u00f3w Unii Europejskiej w ramach poddzia\u0142ania<\/p>\n\n\n\n<p>WSPARCIE INWESTYCJI ZWI\u0104ZANYCH Z TWORZENIEM, ULEPSZENIEM LUB ROZBUDOW\u0104 WSZYSTKICH RODZAJ\u00d3W MA\u0141EJ INFRASTRUKTURY, W TYM INWESTYCJI W ENERGI\u0118 ODNAWIALN\u0104 I OSZCZ\u0118DZANIE ENERGII\u201d obj\u0119tego Programem Rozwoju Obszar\u00f3w Wiejskich na lata 2014-2020.<\/p>\n\n\n\n<p>\u201e<strong>Budowa kanalizacji sanitarnej w miejscowo\u015bci \u0141ukowe \u2013 etap I\u201d<\/strong><\/p>\n\n\n\n<p>Operacja uzyska\u0142a dofinansowanie na realizacj\u0119 operacji typu \u201eGospodarka wodno-\u015bciekowa\u201d obj\u0119tego <em>Programem Rozwoju Obszar\u00f3w Wiejskich na lata 2014-2020.<\/em><\/p>\n\n\n\n<p><strong>Termin zako\u0144czenia inwestycji: <\/strong>do 31.12.2021 roku.<\/p>\n\n\n\n<p><strong>Warto\u015b\u0107 og\u00f3\u0142em: <\/strong>2&nbsp;380&nbsp;332,60 z\u0142<\/p>\n\n\n\n<p><strong>Dofinansowanie<\/strong>: 1&nbsp;555&nbsp;253,00 z\u0142<\/p>\n\n\n\n<p><strong>Umowa o dofinansowanie<\/strong> nr 00086-65150-UM0900123\/19 z dnia 30 czerwca 2020 r.<\/p>\n\n\n\n<p>Przedmiotem projektu jest budowa kanalizacji sanitarnej dla miejscowo\u015bci \u0141ukowe Etap I wraz infrastruktur\u0105 techniczn\u0105.<\/p>\n\n\n\n<p><\/p>\n","protected":false},"excerpt":{"rendered":"<p>\u201eEuropejski Fundusz Rolny na rzecz Rozwoju Obszar\u00f3w Wiejskich: Europa inwestuj\u0105ca w obszary wiejskie\u201d. Operacja maj\u0105ca na celu popraw\u0119 standard\u00f3w \u017cycia mieszka\u0144c\u00f3w poprzez budow\u0119 sieci kanalizacji sanitarnej, wsp\u00f3\u0142finansowana jest ze \u015brodk\u00f3w Unii Europejskiej w ramach poddzia\u0142ania WSPARCIE INWESTYCJI ZWI\u0104ZANYCH Z TWORZENIEM, &hellip; <a href=\"https:\/\/zut.zagorz.net\/?page_id=163\">Continued<\/a><\/p>\n","protected":false},"author":1,"featured_media":0,"parent":0,"menu_order":0,"comment_status":"closed","ping_status":"closed","template":"","meta":{"kt_blocks_editor_width":"","footnotes":""},"class_list":["post-163","page","type-page","status-publish","hentry"],"_links":{"self":[{"href":"https:\/\/zut.zagorz.net\/index.php?rest_route=\/wp\/v2\/pages\/163"}],"collection":[{"href":"https:\/\/zut.zagorz.net\/index.php?rest_route=\/wp\/v2\/pages"}],"about":[{"href":"https:\/\/zut.zagorz.net\/index.php?rest_route=\/wp\/v2\/types\/page"}],"author":[{"embeddable":true,"href":"https:\/\/zut.zagorz.net\/index.php?rest_route=\/wp\/v2\/users\/1"}],"replies":[{"embeddable":true,"href":"https:\/\/zut.zagorz.net\/index.php?rest_route=%2Fwp%2Fv2%2Fcomments&post=163"}],"version-history":[{"count":4,"href":"https:\/\/zut.zagorz.net\/index.php?rest_route=\/wp\/v2\/pages\/163\/revisions"}],"predecessor-version":[{"id":816,"href":"https:\/\/zut.zagorz.net\/index.php?rest_route=\/wp\/v2\/pages\/163\/revisions\/816"}],"wp:attachment":[{"href":"https:\/\/zut.zagorz.net\/index.php?rest_route=%2Fwp%2Fv2%2Fmedia&parent=163"}],"curies":[{"name":"wp","href":"https:\/\/api.w.org\/{rel}","templated":true}]}}